{"id":2575,"date":"2024-02-02T11:49:58","date_gmt":"2024-02-02T10:49:58","guid":{"rendered":"https:\/\/arcoyflecha.com\/?post_type=experience&#038;p=2575"},"modified":"2025-12-16T16:06:59","modified_gmt":"2025-12-16T15:06:59","slug":"ficomic","status":"publish","type":"experience","link":"https:\/\/arcoyflecha.com\/es\/experiencia\/ficomic\/","title":{"rendered":"FICOMIC"},"content":{"rendered":"\n<div class=\"wp-block-columns is-layout-flex wp-container-core-columns-is-layout-9d6595d7 wp-block-columns-is-layout-flex\">\n<div class=\"wp-block-column is-layout-flow wp-block-column-is-layout-flow\"><div class=\"wp-block-image\">\n<figure class=\"aligncenter size-large is-resized\"><img loading=\"lazy\" decoding=\"async\" width=\"1277\" height=\"1080\" src=\"http:\/\/arcoyflecha.com\/content\/uploads\/2024\/02\/FICOMIC-blue-1277x1080.png\" alt=\"\" class=\"wp-image-2555\" style=\"width:255px;height:auto\" srcset=\"https:\/\/arcoyflecha.com\/content\/uploads\/2024\/02\/FICOMIC-blue-1277x1080.png 1277w, https:\/\/arcoyflecha.com\/content\/uploads\/2024\/02\/FICOMIC-blue-768x650.png 768w, https:\/\/arcoyflecha.com\/content\/uploads\/2024\/02\/FICOMIC-blue-1536x1299.png 1536w, https:\/\/arcoyflecha.com\/content\/uploads\/2024\/02\/FICOMIC-blue.png 1634w\" sizes=\"auto, (max-width: 1277px) 100vw, 1277px\" \/><\/figure>\n<\/div><\/div>\n\n\n\n<div class=\"wp-block-column is-layout-flow wp-block-column-is-layout-flow\">\n<p>FICOMIC es la Federaci\u00f3n de las Instituciones profesionales del C\u00f3mic, nacida en 1988 con el objetivo de difundir y promocionar el arte del c\u00f3mic. Esta entidad organiza eventos como el Comic Barcelona, el Manga Barcelona o el BubblePop Festival. <\/p>\n<\/div>\n<\/div>\n\n\n\n<div class=\"wp-block-columns is-layout-flex wp-container-core-columns-is-layout-9d6595d7 wp-block-columns-is-layout-flex\">\n<div class=\"wp-block-column is-layout-flow wp-block-column-is-layout-flow\">\n<ul class=\"wp-block-list\">\n<li>Bares del BubblePop Festival 2023 (Barcelona): El julio de 2023 se celebr\u00f3 en Barcelona la primera edici\u00f3n del BubblePop Festival, centrado en la m\u00fasica de origen y inspiraci\u00f3n asi\u00e1tica en la Fira de Barcelona (Montju\u00cfc). A parte de conciertos, en el festival tambi\u00e9n hubo una amplia oferta gastron\u00f3mica centrada en la cocina asi\u00e1tica y una zona comercial de la misma tem\u00e1tica. En nuestro caso, participamos en este festival con la producci\u00f3n y gesti\u00f3n integral de los bares, desde la planificaci\u00f3n y montaje de las infraestructuras como las barras y zonas de bar, la contrataci\u00f3n del personal de venta, la negociaci\u00f3n de patrocinios y los acuerdos de suministro con los proveedores, el dise\u00f1o de la operativa de venta para el d\u00eda del evento y la gesti\u00f3n de cuentas y pagos. En este caso para adecuarnos a la tem\u00e1tica del evento tambi\u00e9n vendimos algunos productos de origen asi\u00e1tico.<\/li>\n<\/ul>\n\n\n\n<figure class=\"wp-block-gallery has-nested-images columns-default is-cropped wp-block-gallery-1 is-layout-flex wp-block-gallery-is-layout-flex\">\n<figure class=\"wp-block-image size-large\"><img loading=\"lazy\" decoding=\"async\" width=\"1920\" height=\"1080\" data-id=\"2600\" src=\"https:\/\/arcoyflecha.com\/content\/uploads\/2024\/02\/20230701_184409-1-1920x1080.jpg\" alt=\"\" class=\"wp-image-2600\" srcset=\"https:\/\/arcoyflecha.com\/content\/uploads\/2024\/02\/20230701_184409-1-1920x1080.jpg 1920w, https:\/\/arcoyflecha.com\/content\/uploads\/2024\/02\/20230701_184409-1-1280x720.jpg 1280w, https:\/\/arcoyflecha.com\/content\/uploads\/2024\/02\/20230701_184409-1-768x432.jpg 768w, https:\/\/arcoyflecha.com\/content\/uploads\/2024\/02\/20230701_184409-1-1536x864.jpg 1536w, https:\/\/arcoyflecha.com\/content\/uploads\/2024\/02\/20230701_184409-1-2048x1152.jpg 2048w\" sizes=\"auto, (max-width: 1920px) 100vw, 1920px\" \/><\/figure>\n\n\n\n<figure class=\"wp-block-image size-large\"><img loading=\"lazy\" decoding=\"async\" width=\"1440\" height=\"1080\" data-id=\"2594\" src=\"https:\/\/arcoyflecha.com\/content\/uploads\/2024\/02\/IMG-20230701-WA0009-1-1440x1080.jpg\" alt=\"\" class=\"wp-image-2594\" srcset=\"https:\/\/arcoyflecha.com\/content\/uploads\/2024\/02\/IMG-20230701-WA0009-1-1440x1080.jpg 1440w, https:\/\/arcoyflecha.com\/content\/uploads\/2024\/02\/IMG-20230701-WA0009-1-768x576.jpg 768w, https:\/\/arcoyflecha.com\/content\/uploads\/2024\/02\/IMG-20230701-WA0009-1-1536x1152.jpg 1536w, https:\/\/arcoyflecha.com\/content\/uploads\/2024\/02\/IMG-20230701-WA0009-1.jpg 2000w\" sizes=\"auto, (max-width: 1440px) 100vw, 1440px\" \/><\/figure>\n<\/figure>\n\n\n\n<ul class=\"wp-block-list\">\n<li>Bares del Manga Barcelona 2023, 2024, 2025: Es un evento m\u00edtico que se celebra anualmente en la ciudad, enfocado al manga, el anime y la cultura japonesa en general. Re\u00fane a m\u00e1s de 167.000 personas durante cuatro d\u00edas y desde Arco y Flecha nos encargamos de la producci\u00f3n y gesti\u00f3n integral de las barras del evento.<\/li>\n<\/ul>\n<\/div>\n<\/div>\n\n\n\n<figure class=\"wp-block-gallery has-nested-images columns-default is-cropped wp-block-gallery-2 is-layout-flex wp-block-gallery-is-layout-flex\">\n<figure class=\"wp-block-image size-large\"><img loading=\"lazy\" decoding=\"async\" width=\"1920\" height=\"1080\" data-id=\"3442\" src=\"https:\/\/arcoyflecha.com\/content\/uploads\/2025\/10\/WhatsApp-Image-2025-12-09-at-13.55.23-1920x1080.jpeg\" alt=\"\" class=\"wp-image-3442\" srcset=\"https:\/\/arcoyflecha.com\/content\/uploads\/2025\/10\/WhatsApp-Image-2025-12-09-at-13.55.23-1920x1080.jpeg 1920w, https:\/\/arcoyflecha.com\/content\/uploads\/2025\/10\/WhatsApp-Image-2025-12-09-at-13.55.23-1280x720.jpeg 1280w, https:\/\/arcoyflecha.com\/content\/uploads\/2025\/10\/WhatsApp-Image-2025-12-09-at-13.55.23-768x432.jpeg 768w, https:\/\/arcoyflecha.com\/content\/uploads\/2025\/10\/WhatsApp-Image-2025-12-09-at-13.55.23-1536x864.jpeg 1536w, https:\/\/arcoyflecha.com\/content\/uploads\/2025\/10\/WhatsApp-Image-2025-12-09-at-13.55.23.jpeg 2040w\" sizes=\"auto, (max-width: 1920px) 100vw, 1920px\" \/><\/figure>\n\n\n\n<figure class=\"wp-block-image size-large\"><img loading=\"lazy\" decoding=\"async\" width=\"1920\" height=\"1080\" data-id=\"3436\" src=\"https:\/\/arcoyflecha.com\/content\/uploads\/2025\/12\/WhatsApp-Image-2025-12-09-at-13.55.24-1920x1080.jpeg\" alt=\"\" class=\"wp-image-3436\" srcset=\"https:\/\/arcoyflecha.com\/content\/uploads\/2025\/12\/WhatsApp-Image-2025-12-09-at-13.55.24-1920x1080.jpeg 1920w, https:\/\/arcoyflecha.com\/content\/uploads\/2025\/12\/WhatsApp-Image-2025-12-09-at-13.55.24-1280x720.jpeg 1280w, https:\/\/arcoyflecha.com\/content\/uploads\/2025\/12\/WhatsApp-Image-2025-12-09-at-13.55.24-768x432.jpeg 768w, https:\/\/arcoyflecha.com\/content\/uploads\/2025\/12\/WhatsApp-Image-2025-12-09-at-13.55.24-1536x864.jpeg 1536w, https:\/\/arcoyflecha.com\/content\/uploads\/2025\/12\/WhatsApp-Image-2025-12-09-at-13.55.24.jpeg 2040w\" sizes=\"auto, (max-width: 1920px) 100vw, 1920px\" \/><\/figure>\n<\/figure>\n","protected":false},"author":6,"featured_media":3542,"template":"","class_list":{"0":"post-2575","1":"experience","2":"type-experience","3":"status-publish","4":"has-post-thumbnail","6":"entry"},"acf":[],"_links":{"self":[{"href":"https:\/\/arcoyflecha.com\/es\/wp-json\/wp\/v2\/experience\/2575","targetHints":{"allow":["GET"]}}],"collection":[{"href":"https:\/\/arcoyflecha.com\/es\/wp-json\/wp\/v2\/experience"}],"about":[{"href":"https:\/\/arcoyflecha.com\/es\/wp-json\/wp\/v2\/types\/experience"}],"author":[{"embeddable":true,"href":"https:\/\/arcoyflecha.com\/es\/wp-json\/wp\/v2\/users\/6"}],"version-history":[{"count":2,"href":"https:\/\/arcoyflecha.com\/es\/wp-json\/wp\/v2\/experience\/2575\/revisions"}],"predecessor-version":[{"id":3491,"href":"https:\/\/arcoyflecha.com\/es\/wp-json\/wp\/v2\/experience\/2575\/revisions\/3491"}],"wp:featuredmedia":[{"embeddable":true,"href":"https:\/\/arcoyflecha.com\/es\/wp-json\/wp\/v2\/media\/3542"}],"wp:attachment":[{"href":"https:\/\/arcoyflecha.com\/es\/wp-json\/wp\/v2\/media?parent=2575"}],"curies":[{"name":"wp","href":"https:\/\/api.w.org\/{rel}","templated":true}]}}

<div class="wp-block-columns is-layout-flex wp-container-core-columns-is-layout-9d6595d7 wp-block-columns-is-layout-flex">
<div class="wp-block-column is-layout-flow wp-block-column-is-layout-flow"><div class="wp-block-image">
<figure class="aligncenter size-large is-resized"><img loading="lazy" decoding="async" width="1277" height="1080" src="http://arcoyflecha.com/content/uploads/2024/02/FICOMIC-blue-1277x1080.png" alt="" class="wp-image-2555" style="width:255px;height:auto" srcset="https://arcoyflecha.com/content/uploads/2024/02/FICOMIC-blue-1277x1080.png 1277w, https://arcoyflecha.com/content/uploads/2024/02/FICOMIC-blue-768x650.png 768w, https://arcoyflecha.com/content/uploads/2024/02/FICOMIC-blue-1536x1299.png 1536w, https://arcoyflecha.com/content/uploads/2024/02/FICOMIC-blue.png 1634w" sizes="auto, (max-width: 1277px) 100vw, 1277px" /></figure>
</div></div>



<div class="wp-block-column is-layout-flow wp-block-column-is-layout-flow">
<p>FICOMIC es la Federación de las Instituciones profesionales del Cómic, nacida en 1988 con el objetivo de difundir y promocionar el arte del cómic. Esta entidad organiza eventos como el Comic Barcelona, el Manga Barcelona o el BubblePop Festival. </p>
</div>
</div>



<div class="wp-block-columns is-layout-flex wp-container-core-columns-is-layout-9d6595d7 wp-block-columns-is-layout-flex">
<div class="wp-block-column is-layout-flow wp-block-column-is-layout-flow">
<ul class="wp-block-list">
<li>Bares del BubblePop Festival 2023 (Barcelona): El julio de 2023 se celebró en Barcelona la primera edición del BubblePop Festival, centrado en la música de origen y inspiración asiática en la Fira de Barcelona (MontjuÏc). A parte de conciertos, en el festival también hubo una amplia oferta gastronómica centrada en la cocina asiática y una zona comercial de la misma temática. En nuestro caso, participamos en este festival con la producción y gestión integral de los bares, desde la planificación y montaje de las infraestructuras como las barras y zonas de bar, la contratación del personal de venta, la negociación de patrocinios y los acuerdos de suministro con los proveedores, el diseño de la operativa de venta para el día del evento y la gestión de cuentas y pagos. En este caso para adecuarnos a la temática del evento también vendimos algunos productos de origen asiático.</li>
</ul>



<figure class="wp-block-gallery has-nested-images columns-default is-cropped wp-block-gallery-1 is-layout-flex wp-block-gallery-is-layout-flex">
<figure class="wp-block-image size-large"><img loading="lazy" decoding="async" width="1920" height="1080" data-id="2600" src="https://arcoyflecha.com/content/uploads/2024/02/20230701_184409-1-1920x1080.jpg" alt="" class="wp-image-2600" srcset="https://arcoyflecha.com/content/uploads/2024/02/20230701_184409-1-1920x1080.jpg 1920w, https://arcoyflecha.com/content/uploads/2024/02/20230701_184409-1-1280x720.jpg 1280w, https://arcoyflecha.com/content/uploads/2024/02/20230701_184409-1-768x432.jpg 768w, https://arcoyflecha.com/content/uploads/2024/02/20230701_184409-1-1536x864.jpg 1536w, https://arcoyflecha.com/content/uploads/2024/02/20230701_184409-1-2048x1152.jpg 2048w" sizes="auto, (max-width: 1920px) 100vw, 1920px" /></figure>



<figure class="wp-block-image size-large"><img loading="lazy" decoding="async" width="1440" height="1080" data-id="2594" src="https://arcoyflecha.com/content/uploads/2024/02/IMG-20230701-WA0009-1-1440x1080.jpg" alt="" class="wp-image-2594" srcset="https://arcoyflecha.com/content/uploads/2024/02/IMG-20230701-WA0009-1-1440x1080.jpg 1440w, https://arcoyflecha.com/content/uploads/2024/02/IMG-20230701-WA0009-1-768x576.jpg 768w, https://arcoyflecha.com/content/uploads/2024/02/IMG-20230701-WA0009-1-1536x1152.jpg 1536w, https://arcoyflecha.com/content/uploads/2024/02/IMG-20230701-WA0009-1.jpg 2000w" sizes="auto, (max-width: 1440px) 100vw, 1440px" /></figure>
</figure>



<ul class="wp-block-list">
<li>Bares del Manga Barcelona 2023, 2024, 2025: Es un evento mítico que se celebra anualmente en la ciudad, enfocado al manga, el anime y la cultura japonesa en general. Reúne a más de 167.000 personas durante cuatro días y desde Arco y Flecha nos encargamos de la producción y gestión integral de las barras del evento.</li>
</ul>
</div>
</div>



<figure class="wp-block-gallery has-nested-images columns-default is-cropped wp-block-gallery-2 is-layout-flex wp-block-gallery-is-layout-flex">
<figure class="wp-block-image size-large"><img loading="lazy" decoding="async" width="1920" height="1080" data-id="3442" src="https://arcoyflecha.com/content/uploads/2025/10/WhatsApp-Image-2025-12-09-at-13.55.23-1920x1080.jpeg" alt="" class="wp-image-3442" srcset="https://arcoyflecha.com/content/uploads/2025/10/WhatsApp-Image-2025-12-09-at-13.55.23-1920x1080.jpeg 1920w, https://arcoyflecha.com/content/uploads/2025/10/WhatsApp-Image-2025-12-09-at-13.55.23-1280x720.jpeg 1280w, https://arcoyflecha.com/content/uploads/2025/10/WhatsApp-Image-2025-12-09-at-13.55.23-768x432.jpeg 768w, https://arcoyflecha.com/content/uploads/2025/10/WhatsApp-Image-2025-12-09-at-13.55.23-1536x864.jpeg 1536w, https://arcoyflecha.com/content/uploads/2025/10/WhatsApp-Image-2025-12-09-at-13.55.23.jpeg 2040w" sizes="auto, (max-width: 1920px) 100vw, 1920px" /></figure>



<figure class="wp-block-image size-large"><img loading="lazy" decoding="async" width="1920" height="1080" data-id="3436" src="https://arcoyflecha.com/content/uploads/2025/12/WhatsApp-Image-2025-12-09-at-13.55.24-1920x1080.jpeg" alt="" class="wp-image-3436" srcset="https://arcoyflecha.com/content/uploads/2025/12/WhatsApp-Image-2025-12-09-at-13.55.24-1920x1080.jpeg 1920w, https://arcoyflecha.com/content/uploads/2025/12/WhatsApp-Image-2025-12-09-at-13.55.24-1280x720.jpeg 1280w, https://arcoyflecha.com/content/uploads/2025/12/WhatsApp-Image-2025-12-09-at-13.55.24-768x432.jpeg 768w, https://arcoyflecha.com/content/uploads/2025/12/WhatsApp-Image-2025-12-09-at-13.55.24-1536x864.jpeg 1536w, https://arcoyflecha.com/content/uploads/2025/12/WhatsApp-Image-2025-12-09-at-13.55.24.jpeg 2040w" sizes="auto, (max-width: 1920px) 100vw, 1920px" /></figure>
</figure>
